 base 6, what is 332401 + 25022?
401423
In base 14, what is -c6aa91 - -5?
-c6aa8a
In base 13, what is -9 - -7aa78a4?
7aa7898
In base 10, what is -559168 + 4?
-559164
In base 3, what is 22010102221011 - -12?
22010102221100
In base 15, what is 24e2a9 - -c?
24e2b6
In base 7, what is -46 + -1222042?
-1222121
In base 7, what is -14320 + 5566?
-5421
In base 13, what is 13 - -183b31?
183b44
In base 14, what is -5c72 - 157a?
-740c
In base 10, what is 736146 + -707?
735439
In base 13, what is -1 - -385195?
385194
In base 7, what is -536634 + 16566?
-520035
In base 11, what is 346 + 10a709?
10aa54
In base 11, what is 86 - 159498a?
-1594904
In base 14, what is 7923b0 - 82?
79232c
In base 14, what is 0 - -37b7d?
37b7d
In base 4, what is 31133 - -10123100?
10220233
In base 8, what is -17511073 - 344?
-17511437
In base 13, what is -c8 - 3b0c33?
-3b102b
In base 12, what is -514199 - -292?
-513b07
In base 16, what is 8e7de5 + 12?
8e7df7
In base 2, what is -1101 + 101000000101110111010000?
101000000101110111000011
In base 11, what is 1332a7 + -152?
133155
In base 14, what is -1561 + 1909?
388
In base 7, what is 6222 - 200426?
-161204
In base 16, what is c05 - -343c?
4041
In base 16, what is 7017fc - 5?
7017f7
In base 12, what is -90 - -37610?
37540
In base 16, what is 1d + -b4961?
-b4944
In base 9, what is 4 + 823254?
823258
In base 7, what is -123 + 113444?
113321
In base 15, what is -1c - -2ca1c?
2ca00
In base 12, what is a881b + -19?
a8802
In base 15, what is -5 + -2ec276?
-2ec27b
In base 16, what is -3 - -9cd2266?
9cd2263
In base 11, what is 82a873 - -177?
82aa3a
In base 5, what is -42 + -11233140123?
-11233140220
In base 14, what is 11ad24 + 125?
11b049
In base 7, what is 4324 + -320121?
-312464
In base 9, what is -6074400 + 4?
-6074385
In base 13, what is -190b + -1158?
-2a66
In base 8, what is -2 + 137554331?
137554327
In base 16, what is -1b0 - -5f386?
5f1d6
In base 8, what is -113 + -145652?
-145765
In base 4, what is -2 + -20323332212020?
-20323332212022
In base 4, what is 1321003021 + 21022?
1321030103
In base 14, what is -7d71a76 - 0?
-7d71a76
In base 8, what is -612452 + 1?
-612451
In base 6, what is 254555 + -1200204?
-501205
In base 6, what is 4225434 - -1520?
4231354
In base 6, what is 453 + 5201555?
5202452
In base 5, what is -22100 + 1121024?
1043424
In base 2, what is 10011 + -1111010001000110111000?
-1111010001000110100101
In base 15, what is 3b23a3 + 23?
3b23c6
In base 5, what is 344 + 2043321?
2044220
In base 16, what is 2e93786 + -9?
2e9377d
In base 2, what is 1 + -111000110101110010101111?
-111000110101110010101110
In base 8, what is -4 + -52733212?
-52733216
In base 15, what is 3dc32 - -57?
3dc89
In base 5, what is 1033 + -4231404013?
-4231402430
In base 8, what is 15466320 - -65?
15466405
In base 14, what is -659241c9 + -1?
-659241ca
In base 16, what is 45 - -8f87?
8fcc
In base 10, what is -221 + 1917639?
1917418
In base 9, what is 43268306 - 65?
43268231
In base 6, what is -3 + 2512504213?
2512504210
In base 12, what is -19a4 - -3269?
1485
In base 3, what is -2002111111020 + -111222?
-2002112000012
In base 11, what is -5a8 - 33419?
-33a16
In base 5, what is 34 - 1023213203?
-1023213114
In base 12, what is 2 + -32b9014?
-32b9012
In base 15, what is -20 - -5b6d9?
5b6b9
In base 6, what is 123 + 1121140255?
1121140422
In base 3, what is -2021120012 - 20021?
-2021210110
In base 14, what is -3 + 351031d?
351031a
In base 13, what is -23a156 - 3?
-23a159
In base 12, what is 112 - 22575?
-22463
In base 13, what is -9 + 16a5cb0?
16a5ca4
In base 5, what is 304200130101 - -10?
304200130111
In base 3, what is 1020021010 + -10101001?
1002220002
In base 12, what is -3169 + -b456?
-12603
In base 4, what is 1000123020 - 1000?
1000122020
In base 13, what is -a4a89 - -8ca?
-a418c
In base 10, what is 7941 + 8474?
16415
In base 13, what is a35 + -20b1b?
-200b6
In base 8, what is 2114 + 21266?
23402
In base 16, what is 4 + 1cf0f0?
1cf0f4
In base 11, what is -1251 + -3483?
-4724
In base 4, what is 32101032 + 1112?
32102210
In base 11, what is 5091 + -987?
4205
In base 14, what is b889 - -83?
b92c
In base 15, what is -71 - 5de4b7?
-5de538
In base 6, what is -35152520 - -3?
-35152513
In base 3, what is 1100002021 - -11200?
1100020221
In base 4, what is 10200022310 - -23?
10200022333
In base 7, what is -55 + -2262041?
-2262126
In base 11, what is 2a49836 - -6?
2a49841
In base 2, what is -100101001110 + -10011101110001?
-11000010111111
In base 5, what is -242 + -113204212?
-113210004
In base 7, what is 623016035 + 2?
623016040
In base 16, what is 248404 - 6?
2483fe
In base 16, what is -ad227a + -30?
-ad22aa
In base 11, what is 16 - -230566?
230581
In base 13, what is 165c + 431?
1a90
In base 4, what is -231100 - 31031112?
-31322212
In base 9, what is 1114 + 238623?
240737
In base 6, what is -3 + 1140551254?
1140551251
In base 4, what is 1011301331001 - -21?
1011301331022
In base 6, what is -1122140 - 13025?
-1135205
In base 3, what is 21200222 - -112011011?
210212010
In base 4, what is 2 + -332310210100?
-332310210032
In base 14, what is -3cc93 - -5?
-3cc8c
In base 5, what is -21444 + -12022?
-34021
In base 15, what is -378d7 + -2?
-378d9
In base 7, what is 112002255 - 3?
112002252
In base 8, what is 250150627 + 5?
250150634
In base 9, what is 33 - 2328540?
-2328506
In base 6, what is -114150322 + -3?
-114150325
In base 7, what is 42 + -1036262?
-1036220
In base 8, what is -74107 + -1422?
-75531
In base 14, what is -4ca0397 + -1c?
-4ca03b5
In base 9, what is -3 - -62427177?
62427174
In base 8, what is -657221 + 377?
-656622
In base 12, what is -51101 - -31a1?
-49b20
In base 9, what is 4683 - 18454?
-13661
In base 4, what is -2300002 + 11102023?
2202021
In base 5, what is -434020203 - 11141?
-434031344
In base 6, what is 3031 + -10440444?
-10433413
In base 14, what is 4 + 3ad26a?
3ad270
In base 16, what is 6ac1e + -14?
6ac0a
In base 14, what is 2115 - 2044?
b1
In base 5, what is 40342004 - -3202?
40400211
In base 5, what is -210434442 + -30?
-210440022
In base 2, what is -11010000011100001100000001 + 10101?
-11010000011100001011101100
In base 4, what is 11 + 21313301320033?
21313301320110
In base 16, what is efc + 428?
1324
In base 2, what is -1 - -1010100000000001100110000011?
1010100000000001100110000010
In base 11, what is 302469 + -61?
302408
In base 7, what is -624233 - -6?
-624224
In base 2, what is 111 - -10101110101100110101?
10101110101100111100
In base 13, what is 374a8b3 + -32?
374a881
In base 4, what is 311 - -13030331?
13031302
In base 13, what is -7382 + 2215?
-516a
In base 8, what is 323207 - -21020?
344227
In base 14, what is 14a2a - 273?
14797
In base 16, what is -2f + -11fc?
-122b
In base 14, what is 170d - -504?
1c13
In base 10, what is 197 - -27910?
28107
In base 11, what is -21352 - -1985?
-1a478
In base 15, what is -57 + 4600?
4598
In base 16, what is -df + 5ce9?
5c0a
In base 16, what is 10e405 + 1b1?
10e5b6
In base 13, what is 94 + 216791?
216855
In base 11, what is 4786 - -1aa?
4985
In base 13, what is -2 - -1c5108?
1c5106
In base 8, what is 433124327 + 0?
433124327
In base 14, what is a3715 + 3?
a3718
In base 7, what is -413040 - -1343?
-411364
In base 3, what is 10 - 220202220102021?
-220202220102011
In base 2, what is 11100110011 + -100010110010?
-101111111
In base 15, what is d3db + -6070?
736b
In base 12, what is 3435 + 6708?
9b41
In base 12, what is 2 - -11669b58?
11669b5a
In base 9, what is -85350 + 421?
-84828
In base 6, what is 3 - -15050410341?
15050410344
In base 10, what is -78017 + -31?
-78048
In base 11, what is -95391 - 181?
-95562
In base 6, what is -4 + -221051330?
-221051334
In base 10, what is -465987 - -2?
-465985
In base 11, what is 8 - 47a58a8?
-47a58a0
In base 5, what is 133310 + -3040123?
-2401313
In base 12, what is -1aaa83 - 60?
-1aab23
In base 2, what is 11 + 101001110010001110000001111?
101001110010001110000010010
In base 15, what is 9e - -258d0a?
258da9
In base 4, what is -232 + 11102211031?
11102210133
In base 8, what is 270 - 6367464?
-6367174
In base 4, what is 1120 - 2300203?
-2233023
In base 14, what is dd + -52995?
-52896
In base 11, what is -111 - 63246?
-63357
In base 6, what is -32124 - 2024?
-34152
In base 15, what is 3 - 1850b1cd?
-1850b1ca
In base 10, what is -4 - -151000?
150996
In base 11, 